{"id":11,"date":"2012-04-09T15:09:38","date_gmt":"2012-04-09T15:09:38","guid":{"rendered":"http:\/\/georgpro.fr\/dent\/?page_id=6"},"modified":"2020-01-24T17:33:24","modified_gmt":"2020-01-24T17:33:24","slug":"accueil","status":"publish","type":"page","link":"https:\/\/selarl-desdocteurshoogstoel.chirurgiens-dentistes.fr\/chirurgiens-dentistes\/","title":{"rendered":"Accueil"},"content":{"rendered":"<div class=\"trait\"><\/div>\n<div class=\"trait\"><\/div>\n<div>\n<p style=\"text-align: justify;\">Toute l\u2019\u00e9quipe du cabinet dentaire des Docteurs Fanny <strong>HOOGSTOEL<\/strong>, Laurent <strong>HOOGSTOEL<\/strong> et Thibault <strong>MATHIEN<\/strong> est heureuse de vous accueillir sur son site internet.<\/p>\n<p style=\"text-align: justify;\">Passionn\u00e9s par notre profession et orient\u00e9s vers une pratique moderne et pluridisciplinaire de notre art, nous tenions \u00e0 vous communiquer des informations sur le fonctionnement de notre cabinet, sur le personnel et vous permettre l\u2019acc\u00e8s \u00e0 des renseignements sur les traitements dentaires.<\/p>\n<\/div>\n<p><img loading=\"lazy\" decoding=\"async\" class=\"alignleft size-large wp-image-311\" src=\"http:\/\/selarl-desdocteurshoogstoel.chirurgiens-dentistes.fr\/chirurgiens-dentistes\/wp-content\/uploads\/2012\/04\/dr-kaempf-hoogtoel-chirurgiens-dentites-strasbourg-1024x768.jpg\" alt=\"dr-kaempf-hoogtoel-chirurgiens-dentites-strasbourg\" width=\"584\" height=\"438\" \/><\/p>\n","protected":false},"excerpt":{"rendered":"<p>Toute l\u2019\u00e9quipe du cabinet dentaire des Docteurs Fanny HOOGSTOEL, Laurent HOOGSTOEL et Thibault MATHIEN est heureuse de vous accueillir sur son site internet. Passionn\u00e9s par notre profession et orient\u00e9s vers une pratique moderne et pluridisciplinaire de notre art, nous tenions &hellip; <a href=\"https:\/\/selarl-desdocteurshoogstoel.chirurgiens-dentistes.fr\/chirurgiens-dentistes\/\">Continuer la lecture <span class=\"meta-nav\">&rarr;<\/span><\/a><\/p>\n","protected":false},"author":2,"featured_media":0,"parent":0,"menu_order":1,"comment_status":"closed","ping_status":"closed","template":"sidebar-page.php","meta":{"footnotes":""},"_links":{"self":[{"href":"https:\/\/selarl-desdocteurshoogstoel.chirurgiens-dentistes.fr\/chirurgiens-dentistes\/wp-json\/wp\/v2\/pages\/11"}],"collection":[{"href":"https:\/\/selarl-desdocteurshoogstoel.chirurgiens-dentistes.fr\/chirurgiens-dentistes\/wp-json\/wp\/v2\/pages"}],"about":[{"href":"https:\/\/selarl-desdocteurshoogstoel.chirurgiens-dentistes.fr\/chirurgiens-dentistes\/wp-json\/wp\/v2\/types\/page"}],"author":[{"embeddable":true,"href":"https:\/\/selarl-desdocteurshoogstoel.chirurgiens-dentistes.fr\/chirurgiens-dentistes\/wp-json\/wp\/v2\/users\/2"}],"replies":[{"embeddable":true,"href":"https:\/\/selarl-desdocteurshoogstoel.chirurgiens-dentistes.fr\/chirurgiens-dentistes\/wp-json\/wp\/v2\/comments?post=11"}],"version-history":[{"count":7,"href":"https:\/\/selarl-desdocteurshoogstoel.chirurgiens-dentistes.fr\/chirurgiens-dentistes\/wp-json\/wp\/v2\/pages\/11\/revisions"}],"predecessor-version":[{"id":829,"href":"https:\/\/selarl-desdocteurshoogstoel.chirurgiens-dentistes.fr\/chirurgiens-dentistes\/wp-json\/wp\/v2\/pages\/11\/revisions\/829"}],"wp:attachment":[{"href":"https:\/\/selarl-desdocteurshoogstoel.chirurgiens-dentistes.fr\/chirurgiens-dentistes\/wp-json\/wp\/v2\/media?parent=11"}],"curies":[{"name":"wp","href":"https:\/\/api.w.org\/{rel}","templated":true}]}}